{"id":1552,"date":"2024-02-27T15:13:27","date_gmt":"2024-02-27T18:13:27","guid":{"rendered":"https:\/\/corece.org.br\/site\/?page_id=1552"},"modified":"2024-04-01T16:23:39","modified_gmt":"2024-04-01T19:23:39","slug":"politica-de-privacidade","status":"publish","type":"page","link":"https:\/\/corece.org.br\/site\/politica-de-privacidade\/","title":{"rendered":"POL\u00cdTICA DE PRIVACIDADE"},"content":{"rendered":"\t\t<div data-elementor-type=\"wp-page\" data-elementor-id=\"1552\" class=\"elementor elementor-1552\" data-elementor-post-type=\"page\">\n\t\t\t\t<div class=\"elementor-element elementor-element-c082059 e-flex e-con-boxed e-con e-parent\" data-id=\"c082059\" data-element_type=\"container\" data-settings=\"{&quot;jet_parallax_layout_list&quot;:[]}\">\n\t\t\t\t\t<div class=\"e-con-inner\">\n\t\t\t\t<div class=\"elementor-element elementor-element-42ea480 elementor-widget elementor-widget-heading\" data-id=\"42ea480\" data-element_type=\"widget\" data-widget_type=\"heading.default\">\n\t\t\t\t<div class=\"elementor-widget-container\">\n\t\t\t<style>\/*! elementor - v3.21.0 - 08-05-2024 *\/\n.elementor-heading-title{padding:0;margin:0;line-height:1}.elementor-widget-heading .elementor-heading-title[class*=elementor-size-]>a{color:inherit;font-size:inherit;line-height:inherit}.elementor-widget-heading .elementor-heading-title.elementor-size-small{font-size:15px}.elementor-widget-heading .elementor-heading-title.elementor-size-medium{font-size:19px}.elementor-widget-heading .elementor-heading-title.elementor-size-large{font-size:29px}.elementor-widget-heading .elementor-heading-title.elementor-size-xl{font-size:39px}.elementor-widget-heading .elementor-heading-title.elementor-size-xxl{font-size:59px}<\/style><h2 class=\"elementor-heading-title elementor-size-default\">POL\u00cdTICA DE PRIVACIDADE<\/h2>\t\t<\/div>\n\t\t\t\t<\/div>\n\t\t\t\t<div class=\"elementor-element elementor-element-2e8a6bd elementor-widget elementor-widget-text-editor\" data-id=\"2e8a6bd\" data-element_type=\"widget\" data-widget_type=\"text-editor.default\">\n\t\t\t\t<div class=\"elementor-widget-container\">\n\t\t\t<style>\/*! elementor - v3.21.0 - 08-05-2024 *\/\n.elementor-widget-text-editor.elementor-drop-cap-view-stacked .elementor-drop-cap{background-color:#69727d;color:#fff}.elementor-widget-text-editor.elementor-drop-cap-view-framed .elementor-drop-cap{color:#69727d;border:3px solid;background-color:transparent}.elementor-widget-text-editor:not(.elementor-drop-cap-view-default) .elementor-drop-cap{margin-top:8px}.elementor-widget-text-editor:not(.elementor-drop-cap-view-default) .elementor-drop-cap-letter{width:1em;height:1em}.elementor-widget-text-editor .elementor-drop-cap{float:left;text-align:center;line-height:1;font-size:50px}.elementor-widget-text-editor .elementor-drop-cap-letter{display:inline-block}<\/style>\t\t\t\t<p>A Lei Federal n\u00ba 13.709\/2018 (LGPD) foi criada para regulamentar o tratamento de dados pessoais, nos meios f\u00edsicos e digitais, protegendo os direitos fundamentais de liberdade e privacidade, bem como o livre desenvolvimento da personalidade da pessoa natural.<\/p><p>Com o intuito de melhor esclarecer como realizamos o tratamento de informa\u00e7\u00f5es pessoais que coletamos ou armazenamos, detalhamos, a seguir, a Pol\u00edtica de Privacidade de Dados Pessoais deste Regional.<\/p><p>\u00a0<\/p><hr class=\"wp-block-separator\" \/><p>\u00a0<\/p><p><strong>1. O QUE \u00c9 \u201cTRATAMENTO DE DADOS\u201d?<\/strong><\/p><p>A Lei Geral de Prote\u00e7\u00e3o de Dados se utiliza do termo \u201ctratamento\u201d para dar amplo alcance \u00e0 prote\u00e7\u00e3o de informa\u00e7\u00f5es relacionadas \u00e0s pessoas f\u00edsicas, que, de alguma forma, possam afetar sua privacidade e liberdade individual.<\/p><p>De acordo com o artigo 5\u00ba, X, da Lei n\u00ba 13.709\/2018, tratamento \u00e9 \u201ctoda opera\u00e7\u00e3o realizada com dados pessoais, como as que se referem \u00e0 coleta, produ\u00e7\u00e3o, recep\u00e7\u00e3o, classifica\u00e7\u00e3o, utiliza\u00e7\u00e3o, acesso, reprodu\u00e7\u00e3o, transmiss\u00e3o, distribui\u00e7\u00e3o, processamento, arquivamento, armazenamento, elimina\u00e7\u00e3o, avalia\u00e7\u00e3o ou controle da informa\u00e7\u00e3o, modifica\u00e7\u00e3o, comunica\u00e7\u00e3o, transfer\u00eancia, difus\u00e3o ou extra\u00e7\u00e3o\u201d.<\/p><p>Esta Entidade, em regra, realiza o tratamento de dados pessoais necess\u00e1rios \u00e0 realiza\u00e7\u00e3o de nossas atividades final\u00edsticas, decorrentes de atribui\u00e7\u00e3o legal, bem como de eventuais procedimentos necess\u00e1rios ao nosso regular funcionamento.\u00a0<\/p><p>\u00a0<\/p><hr class=\"wp-block-separator\" \/><p>\u00a0<\/p><p><strong>2. QUAIS TIPOS DE INFORMA\u00c7\u00d5ES PESSOAIS COLETAMOS E UTILIZAMOS?<\/strong><\/p><p>No \u00e2mbito deste Conselho, a LGPD \u00e9 aplicada em todas as situa\u00e7\u00f5es que envolvam informa\u00e7\u00f5es pessoais. Os referidos dados podem se apresentar em formato f\u00edsico (papel, c\u00f3pia de documentos etc.) ou eletr\u00f4nico (informa\u00e7\u00f5es em formato digital, documentos digitalizados, e-mails etc.).<\/p><p>\u00a0<\/p><hr class=\"wp-block-separator\" \/><p>\u00a0<\/p><p>Coletamos e tratamos dados pessoais de:<\/p><p><strong>2.1 REPRESENTANTES COMERCIAIS, REGISTRADOS OU N\u00c3O<\/strong><\/p><p>De acordo com o artigo 2\u00ba da Lei n\u00ba 4.886\/65, \u00e9 obrigat\u00f3rio o registro dos que exer\u00e7am a representa\u00e7\u00e3o comercial aut\u00f4noma nos Conselhos Regionais.<\/p><p>Para darmos fiel cumprimento \u00e0 referida legisla\u00e7\u00e3o, coletamos e utilizamos dados pessoais de representantes comerciais, registrados ou n\u00e3o, em especial, os seguintes:<\/p><p>\u2013 dados cadastrais (nome completo, identidade, CPF, endere\u00e7o, etc.), fornecidos pelo seu titular, seu procurador ou obtidos por meio de \u00f3rg\u00e3os, ag\u00eancias ou entidades de prote\u00e7\u00e3o ao cr\u00e9dito.<\/p><p>\u2013 d\u00e9bitos, inscritos ou n\u00e3o em d\u00edvida ativa, acordos e negocia\u00e7\u00f5es de d\u00edvidas.<\/p><p>\u2013 den\u00fancias e outras informa\u00e7\u00f5es recebidas ou decorrentes de Processos de \u00c9tica e Disciplina.<\/p><p>\u2013 contratos e documentos relacionados \u00e0 representa\u00e7\u00e3o comercial.<\/p><p><strong>2.1.1 DADOS COLETADOS NO SITE DE CONSELHO REGIONAL<\/strong><\/p><p>Coletamos e armazenamos dados pessoais atrav\u00e9s dos boletins informativos por e-mail ou formul\u00e1rios de contatos disponibilizados nas p\u00e1ginas de servi\u00e7os. A coleta normalmente \u00e9 limitada \u00e0 nome completo, endere\u00e7o de e-mail e telefone, por\u00e9m outros dados podem ser requeridos com o objetivo de oferecer servi\u00e7os para benef\u00edcios do titular dos dados.<\/p><p>Informa\u00e7\u00f5es sobre as visitas realizadas em conte\u00fados dispon\u00edveis pelas p\u00e1ginas, sejam eles texto, documentos, imagens ou outros conte\u00fados dispon\u00edveis neste site tamb\u00e9m s\u00e3o coletadas atrav\u00e9s das ferramentas de Google Analytics.<\/p><p>Esses dados de visita\u00e7\u00e3o ao site s\u00e3o identificados somente por um n\u00famero de identifica\u00e7\u00e3o exclusivo e nunca s\u00e3o vinculados a informa\u00e7\u00f5es pessoais.<\/p><p>Outros dados s\u00e3o coletados a partir de cookies, os cookies s\u00e3o arquivos de texto armazenados no seu computador. Este procedimento \u00e9 necess\u00e1rio para as funcionalidades b\u00e1sicas de sess\u00e3o da \u00c1rea do Representante e garante o funcionamento de atividades e servi\u00e7os do site.<\/p><p><strong>2.2 FUNCION\u00c1RIOS<\/strong><\/p><p>Coletamos e armazenamos dados pessoais de funcion\u00e1rios e colaboradores deste Conselho, com objetivo exclusivo de viabilizar o devido funcionamento do Setor de Recursos Humanos, sendo utilizados dados cadastrais, anota\u00e7\u00f5es trabalhistas, eventuais processos administrativos disciplinares, informa\u00e7\u00f5es salariais, qualifica\u00e7\u00f5es profissionais, sem preju\u00edzo de outros.<\/p><p>Em cumprimento \u00e0 Lei de Acesso \u00e0 Informa\u00e7\u00e3o (Lei n\u00ba 12.527\/2011), algumas informa\u00e7\u00f5es s\u00e3o disponibilizadas publicamente no s\u00edtio eletr\u00f4nico da Entidade, por meio do Portal da Transpar\u00eancia.<\/p><p><strong>2.3 CONSELHEIROS<\/strong><\/p><p>Os dados pessoais de Conselheiros integrantes da Diretoria desta Entidade possuem car\u00e1ter pol\u00edtico, motivo pelo qual \u00e9 necess\u00e1ria a publicidade de determinadas informa\u00e7\u00f5es, tais como nomes, identidades, imagens e outras relacionadas \u00e0s suas qualifica\u00e7\u00f5es pessoais.<\/p><p><strong>2.4 TERCEIROS<\/strong><\/p><p>Eventuais informa\u00e7\u00f5es pessoais de terceiros podem ser recebidas por esta Entidade, por meio de instrumentos contratuais ou expedientes.<\/p><p>Na aus\u00eancia de autoriza\u00e7\u00e3o expressa de seus titulares, se os referidos dados n\u00e3o estiverem relacionados \u00e0 nossa atribui\u00e7\u00e3o legal ou n\u00e3o forem necess\u00e1rios ao desempenho de nossas atividades, os mesmos ser\u00e3o imediatamente eliminados ou anonimizados.<\/p><p>\u00a0<\/p><hr class=\"wp-block-separator\" \/><p>\u00a0<\/p><p><strong>3. CONSENTIMENTO<\/strong><\/p><p>N\u00e3o h\u00e1 necessidade de consentimento dos titulares de dados pessoais quando o tratamento decorrer de atribui\u00e7\u00e3o legal, ou quando as referidas informa\u00e7\u00f5es forem necess\u00e1rias para o devido funcionamento desta Entidade.<\/p><p>Nos demais casos, sempre pediremos o seu consentimento expresso.<\/p><p>\u00a0<\/p><hr class=\"wp-block-separator\" \/><p>\u00a0<\/p><p><strong>4. DADOS SENS\u00cdVEIS<\/strong><\/p><p>Em regra, n\u00e3o realizamos o tratamento de dados sens\u00edveis, exceto em rela\u00e7\u00e3o \u00e0 informa\u00e7\u00e3o de filia\u00e7\u00e3o sindical, utilizada, por ora, exclusivamente para que os registrados exer\u00e7am o direito de voto nas elei\u00e7\u00f5es para composi\u00e7\u00e3o de Diretoria dos Conselhos Regionais.<\/p><p>Nestes casos, a referida informa\u00e7\u00e3o n\u00e3o \u00e9 divulgada a terceiros e seu acesso \u00e9 restrito \u00e0s pessoas que fazem parte da organiza\u00e7\u00e3o do processo eleitoral.<\/p><p>Em casos diversos ao mencionado acima, s\u00f3 realizaremos o tratamento de dados sens\u00edveis ap\u00f3s o consentimento expresso do seu titular.<\/p><p>\u00a0<\/p><hr class=\"wp-block-separator\" \/><p>\u00a0<\/p><p><strong>5. COMPARTILHAMENTO DE DADOS<\/strong><\/p><p><strong>5.1 COM A ADMINISTRA\u00c7\u00c3O<\/strong><\/p><p>Eventualmente, podemos realizar compartilhamento de dados com outros entes da Administra\u00e7\u00e3o P\u00fablica, sendo dispensada por lei a autoriza\u00e7\u00e3o do seu titular, quando necess\u00e1rio \u00e0 execu\u00e7\u00e3o de pol\u00edticas p\u00fablicas previstas em leis, regulamentos ou respaldadas em contratos, conv\u00eanios ou instrumentos cong\u00eaneres.<\/p><p><strong>5.2 COM PESSOAS JUR\u00cdDICAS DE DIREITO PRIVADO<\/strong><\/p><p>Esta Entidade pode compartilhar dados pessoais com empresas privadas, nos casos de terceiriza\u00e7\u00e3o de servi\u00e7os. As referidas empresas s\u00e3o obrigadas, legalmente e por for\u00e7a contratual, a observarem todos os ditames da Lei Geral de Prote\u00e7\u00e3o de Dados, limitando a utiliza\u00e7\u00e3o dos respectivos dados apenas no que for necess\u00e1rio ao cumprimento do objeto contratado.<\/p><p>Nos demais casos, o compartilhamento s\u00f3 ocorrer\u00e1 ap\u00f3s autoriza\u00e7\u00e3o expressa do titular, podendo ser revogada por ele a qualquer momento.<\/p><p>\u00a0<\/p><hr class=\"wp-block-separator\" \/><p>\u00a0<\/p><p><strong>6. DURA\u00c7\u00c3O<\/strong><\/p><p>Ap\u00f3s cumpridas suas finalidades, os dados pessoais s\u00e3o eliminados, podendo, entretanto, serem mantidos no caso de exist\u00eancia de interesse p\u00fablico ou caso sejam anonimizados.<\/p><p>J\u00e1 os documentos e dados registrais dos representantes comerciais s\u00e3o considerados de guarda permanente, vez que possuem valor hist\u00f3rico e informativo, conforme estabelecido pelo art. 8\u00ba, \u00a7 3\u00ba da Lei n\u00ba 8.159\/2001. Os referidos dados permanecer\u00e3o armazenados nesta Entidade, podendo ser acessados apenas por pessoas autorizadas, ou compartilhados em cumprimento \u00e0 decis\u00e3o judicial ou decorrente de obriga\u00e7\u00e3o legal.<\/p><p>\u00a0<\/p><hr class=\"wp-block-separator\" \/><p><strong>\u00a0<\/strong><\/p><p><strong>7.\u00a0<\/strong><strong>DIREITOS DO TITULAR<\/strong><\/p><p>Nos termos do art. 18 da Lei n\u00ba 13.709\/2018, o titular dos dados pessoais tem direito a obter do Controlador, em rela\u00e7\u00e3o aos seus dados pessoais, a qualquer momento e mediante requisi\u00e7\u00e3o:<\/p><ol><li>confirma\u00e7\u00e3o da exist\u00eancia de tratamento;<\/li><li>acesso aos dados;<\/li><li>corre\u00e7\u00e3o de dados incompletos, inexatos ou desatualizados;<\/li><li>anonimiza\u00e7\u00e3o, bloqueio ou elimina\u00e7\u00e3o de dados desnecess\u00e1rios, excessivos ou tratados em desconformidade com o disposto naquela Lei;<\/li><li>portabilidade dos dados a outro fornecedor de servi\u00e7o ou produto, mediante requisi\u00e7\u00e3o expressa, de acordo com a regulamenta\u00e7\u00e3o da autoridade nacional, observados os segredos comercial e industrial;<\/li><li>elimina\u00e7\u00e3o dos dados pessoais tratados com o consentimento do titular, exceto nas hip\u00f3teses previstas no art. 16 daquela Lei;<\/li><li>informa\u00e7\u00e3o das entidades p\u00fablicas e privadas com as quais o controlador realizou uso compartilhado de dados;<\/li><li>informa\u00e7\u00e3o sobre a possibilidade de n\u00e3o fornecer consentimento e sobre as consequ\u00eancias da negativa;<\/li><li>revoga\u00e7\u00e3o do consentimento, nos termos do \u00a7 5\u00ba do art. 8\u00ba daquela Lei.<\/li><\/ol><p>\u00a0<\/p><hr class=\"wp-block-separator\" \/><p>\u00a0<\/p><p><strong>8. REVOGA\u00c7\u00c3O DE CONSENTIMENTO, REQUERIMENTOS E MAIS INFORMA\u00c7\u00d5ES<\/strong><\/p><p>O titular dos dados pessoais poder\u00e1 realizar qualquer um dos requerimentos previstos no item 7, bem como sanar eventuais d\u00favidas relacionadas \u00e0 aplica\u00e7\u00e3o da LGPD nesta Entidade, por meio do Encarregado de Dados. Informa\u00e7\u00f5es e forma de contato com o Encarregado podem ser acessadas no \u00edcone abaixo:<\/p><p>\u00a0<\/p><hr class=\"wp-block-separator\" \/><p>\u00a0<\/p><p><strong>9. SEGURAN\u00c7A NO TRATAMENTO<\/strong><\/p><p>O Core-SP possui sistema informatizado pr\u00f3prio, restrito a funcion\u00e1rios previamente autorizados, com registro de todos os acessos e altera\u00e7\u00f5es realizadas durante seu uso.<\/p><p>Demais procedimentos tamb\u00e9m seguem todos os protocolos de seguran\u00e7a de dados, garantida a privacidade de seus titulares.<\/p><p>\u00a0<\/p><hr class=\"wp-block-separator\" \/><p>\u00a0<\/p><p><strong>10. ENCARREGADO<\/strong><\/p><p>Conforme previsto no artigo 5\u00ba da Resolu\u00e7\u00e3o n\u00ba 1179\/2018 \u2013 Confere, este Regional nomeou, por meio da respectiva Portaria, empregado para exercer a fun\u00e7\u00e3o de Encarregado.<\/p><p>Informa\u00e7\u00f5es e forma de contato com o Encarregado podem ser acessadas no \u00edcone abaixo:<\/p><p>\u00a0<\/p><hr class=\"wp-block-separator\" \/><p>\u00a0<\/p><p><strong>11. ALTERA\u00c7\u00d5ES NA POL\u00cdTICA DE PRIVACIDADE<\/strong><\/p><p>Este documento poder\u00e1 sofrer altera\u00e7\u00f5es no decorrer do tempo, objetivando melhor adequa\u00e7\u00e3o e atendimento aos dispostos na LGPD e \u00e0 eventuais normativos expedidos pela Autoridade Nacional de Prote\u00e7\u00e3o de Dados.<\/p><p>Assim sendo, recomendamos que esta Pol\u00edtica de Privacidade seja consultada periodicamente.<\/p><p>\u00a0<\/p>\t\t\t\t\t\t<\/div>\n\t\t\t\t<\/div>\n\t\t\t\t<div class=\"elementor-element elementor-element-a0cab28 elementor-widget elementor-widget-text-editor\" data-id=\"a0cab28\" data-element_type=\"widget\" data-widget_type=\"text-editor.default\">\n\t\t\t\t<div class=\"elementor-widget-container\">\n\t\t\t\t\t\t\t<nav aria-label=\"breadcrumbs\" class=\"rank-math-breadcrumb\"><p><span class=\"last\">Home<\/span><\/p><\/nav>\t\t\t\t\t\t<\/div>\n\t\t\t\t<\/div>\n\t\t\t\t\t<\/div>\n\t\t\t\t<\/div>\n\t\t\t\t<\/div>\n\t\t","protected":false},"excerpt":{"rendered":"<p>POL\u00cdTICA DE PRIVACIDADE A Lei Federal n\u00ba 13.709\/2018 (LGPD) foi criada para regulamentar o tratamento de dados pessoais, nos meios f\u00edsicos e digitais, protegendo os direitos fundamentais de liberdade e privacidade, bem como o livre desenvolvimento da personalidade da pessoa natural. Com o intuito de melhor esclarecer como realizamos o tratamento de informa\u00e7\u00f5es pessoais que [&hellip;]<\/p>\n","protected":false},"author":1,"featured_media":0,"parent":0,"menu_order":0,"comment_status":"closed","ping_status":"closed","template":"","meta":{"footnotes":""},"class_list":["post-1552","page","type-page","status-publish","hentry"],"_links":{"self":[{"href":"https:\/\/corece.org.br\/site\/wp-json\/wp\/v2\/pages\/1552","targetHints":{"allow":["GET"]}}],"collection":[{"href":"https:\/\/corece.org.br\/site\/wp-json\/wp\/v2\/pages"}],"about":[{"href":"https:\/\/corece.org.br\/site\/wp-json\/wp\/v2\/types\/page"}],"author":[{"embeddable":true,"href":"https:\/\/corece.org.br\/site\/wp-json\/wp\/v2\/users\/1"}],"replies":[{"embeddable":true,"href":"https:\/\/corece.org.br\/site\/wp-json\/wp\/v2\/comments?post=1552"}],"version-history":[{"count":13,"href":"https:\/\/corece.org.br\/site\/wp-json\/wp\/v2\/pages\/1552\/revisions"}],"predecessor-version":[{"id":1897,"href":"https:\/\/corece.org.br\/site\/wp-json\/wp\/v2\/pages\/1552\/revisions\/1897"}],"wp:attachment":[{"href":"https:\/\/corece.org.br\/site\/wp-json\/wp\/v2\/media?parent=1552"}],"curies":[{"name":"wp","href":"https:\/\/api.w.org\/{rel}","templated":true}]}}