{"id":57,"date":"2024-02-19T20:18:25","date_gmt":"2024-02-19T20:18:25","guid":{"rendered":"https:\/\/corece.org.br\/site\/?page_id=57"},"modified":"2024-04-01T16:16:18","modified_gmt":"2024-04-01T19:16:18","slug":"missao-visao-e-valores","status":"publish","type":"page","link":"https:\/\/corece.org.br\/site\/missao-visao-e-valores\/","title":{"rendered":"Miss\u00e3o, Vis\u00e3o e Valores"},"content":{"rendered":"\t\t<div data-elementor-type=\"wp-page\" data-elementor-id=\"57\" class=\"elementor elementor-57\" data-elementor-post-type=\"page\">\n\t\t\t\t<div class=\"elementor-element elementor-element-3f3c537 e-flex e-con-boxed e-con e-parent\" data-id=\"3f3c537\" data-element_type=\"container\" data-settings=\"{&quot;jet_parallax_layout_list&quot;:[]}\">\n\t\t\t\t\t<div class=\"e-con-inner\">\n\t\t\t\t<div class=\"elementor-element elementor-element-e160ebd elementor-widget elementor-widget-text-editor\" data-id=\"e160ebd\" data-element_type=\"widget\" data-widget_type=\"text-editor.default\">\n\t\t\t\t<div class=\"elementor-widget-container\">\n\t\t\t<style>\/*! elementor - v3.21.0 - 08-05-2024 *\/\n.elementor-widget-text-editor.elementor-drop-cap-view-stacked .elementor-drop-cap{background-color:#69727d;color:#fff}.elementor-widget-text-editor.elementor-drop-cap-view-framed .elementor-drop-cap{color:#69727d;border:3px solid;background-color:transparent}.elementor-widget-text-editor:not(.elementor-drop-cap-view-default) .elementor-drop-cap{margin-top:8px}.elementor-widget-text-editor:not(.elementor-drop-cap-view-default) .elementor-drop-cap-letter{width:1em;height:1em}.elementor-widget-text-editor .elementor-drop-cap{float:left;text-align:center;line-height:1;font-size:50px}.elementor-widget-text-editor .elementor-drop-cap-letter{display:inline-block}<\/style>\t\t\t\t<nav aria-label=\"breadcrumbs\" class=\"rank-math-breadcrumb\"><p><span class=\"last\">Home<\/span><\/p><\/nav>\t\t\t\t\t\t<\/div>\n\t\t\t\t<\/div>\n\t\t\t\t<div class=\"elementor-element elementor-element-c19567d elementor-widget elementor-widget-heading\" data-id=\"c19567d\" data-element_type=\"widget\" data-widget_type=\"heading.default\">\n\t\t\t\t<div class=\"elementor-widget-container\">\n\t\t\t<style>\/*! elementor - v3.21.0 - 08-05-2024 *\/\n.elementor-heading-title{padding:0;margin:0;line-height:1}.elementor-widget-heading .elementor-heading-title[class*=elementor-size-]>a{color:inherit;font-size:inherit;line-height:inherit}.elementor-widget-heading .elementor-heading-title.elementor-size-small{font-size:15px}.elementor-widget-heading .elementor-heading-title.elementor-size-medium{font-size:19px}.elementor-widget-heading .elementor-heading-title.elementor-size-large{font-size:29px}.elementor-widget-heading .elementor-heading-title.elementor-size-xl{font-size:39px}.elementor-widget-heading .elementor-heading-title.elementor-size-xxl{font-size:59px}<\/style><h2 class=\"elementor-heading-title elementor-size-default\">Miss\u00e3o, Vis\u00e3o e Valores\n<\/h2>\t\t<\/div>\n\t\t\t\t<\/div>\n\t\t\t\t<div class=\"elementor-element elementor-element-e78e606 elementor-widget elementor-widget-text-editor\" data-id=\"e78e606\" data-element_type=\"widget\" data-widget_type=\"text-editor.default\">\n\t\t\t\t<div class=\"elementor-widget-container\">\n\t\t\t\t\t\t\t<p><strong>MISS\u00c3O<\/strong><br \/>Orientar, registrar, fiscalizar, disciplinar e promover a valoriza\u00e7\u00e3o e o desenvolvimento da profiss\u00e3o do Representante Comercial.<\/p><p>\u00a0<\/p><p><strong>VIS\u00c3O<\/strong><br \/>Ser reconhecido pela excel\u00eancia na presta\u00e7\u00e3o de servi\u00e7os e pela amplia\u00e7\u00e3o da visibilidade institucional, aperfei\u00e7oando o compromisso \u00e9tico, assim contribuindo para o desenvolvimento socioecon\u00f4mico da categoria.<\/p><p>\u00a0<\/p><p><strong>VALORES<\/strong><br \/>\u00c9TICA: Respeito \u00e0 legisla\u00e7\u00e3o, primando pela seriedade e honestidade na conduta da atua\u00e7\u00e3o do Conselho e dos Representantes Comerciais.<\/p><p>TRANSPAR\u00caNCIA: Publicidade e divulga\u00e7\u00e3o de atos, promovendo o amplo acesso \u00e0 informa\u00e7\u00f5es e \u00e0s decis\u00f5es de forma clara, objetiva e tempestiva.<\/p><p>QUALIDADE: Busca da excel\u00eancia, por meio da aprendizagem cont\u00ednua, otimizando processos e aplicando solu\u00e7\u00f5es inovadoras.<\/p><p>EFETIVIDADE: Permanente interlocu\u00e7\u00e3o com os Representantes Comerciais e com a Sociedade, proporcionado di\u00e1logo e respostas \u00e1geis com proatividade e resolutividade.<\/p><p>VALORIZA\u00c7\u00c3O DA CATEGORIA: Desenvolvimento na forma\u00e7\u00e3o profissional, disseminado conhecimentos e estabelecendo atendimento eficiente e respeitoso.<\/p>\t\t\t\t\t\t<\/div>\n\t\t\t\t<\/div>\n\t\t\t\t\t<\/div>\n\t\t\t\t<\/div>\n\t\t\t\t<\/div>\n\t\t","protected":false},"excerpt":{"rendered":"<p>Miss\u00e3o, Vis\u00e3o e Valores MISS\u00c3OOrientar, registrar, fiscalizar, disciplinar e promover a valoriza\u00e7\u00e3o e o desenvolvimento da profiss\u00e3o do Representante Comercial. \u00a0 VIS\u00c3OSer reconhecido pela excel\u00eancia na presta\u00e7\u00e3o de servi\u00e7os e pela amplia\u00e7\u00e3o da visibilidade institucional, aperfei\u00e7oando o compromisso \u00e9tico, assim contribuindo para o desenvolvimento socioecon\u00f4mico da categoria. \u00a0 VALORES\u00c9TICA: Respeito \u00e0 legisla\u00e7\u00e3o, primando pela seriedade [&hellip;]<\/p>\n","protected":false},"author":1,"featured_media":0,"parent":0,"menu_order":0,"comment_status":"closed","ping_status":"closed","template":"","meta":{"footnotes":""},"class_list":["post-57","page","type-page","status-publish","hentry"],"_links":{"self":[{"href":"https:\/\/corece.org.br\/site\/wp-json\/wp\/v2\/pages\/57","targetHints":{"allow":["GET"]}}],"collection":[{"href":"https:\/\/corece.org.br\/site\/wp-json\/wp\/v2\/pages"}],"about":[{"href":"https:\/\/corece.org.br\/site\/wp-json\/wp\/v2\/types\/page"}],"author":[{"embeddable":true,"href":"https:\/\/corece.org.br\/site\/wp-json\/wp\/v2\/users\/1"}],"replies":[{"embeddable":true,"href":"https:\/\/corece.org.br\/site\/wp-json\/wp\/v2\/comments?post=57"}],"version-history":[{"count":16,"href":"https:\/\/corece.org.br\/site\/wp-json\/wp\/v2\/pages\/57\/revisions"}],"predecessor-version":[{"id":1885,"href":"https:\/\/corece.org.br\/site\/wp-json\/wp\/v2\/pages\/57\/revisions\/1885"}],"wp:attachment":[{"href":"https:\/\/corece.org.br\/site\/wp-json\/wp\/v2\/media?parent=57"}],"curies":[{"name":"wp","href":"https:\/\/api.w.org\/{rel}","templated":true}]}}